2*t. What is the remainder when 51 is divided by t?
15
Suppose -12 = -0*m - m. Suppose -o - m = o. What is the remainder when 19 is divided by (7 - 1)*(-10)/o?
9
Suppose -q - q + 4 = 0. Suppose -i + 86 = 4*r - 3*i, -3*i + 91 = 5*r. Suppose -q*a = -7*a + r. What is the remainder when a is divided by 2?
0
Suppose b = 4 - 1. What is the remainder when b is divided by 1?
0
Let l(k) = 2*k**2 - 5. Calculate the remainder when 75 is divided by l(3).
10
Suppose c - 36 = y, c + 4 = -3*y + 56. Calculate the remainder when c is divided by 8.
0
Suppose 3*w = 4*n - 10, -5*w = -w - 8. Calculate the remainder when 15 is divided by n.
3
Suppose s - 6*s + 350 = 0. Suppose 5*g - s = -0*g. What is the remainder when 68 is divided by g?
12
Suppose -4*s + h = 2*h - 93, -h = 2*s - 47. Suppose 2*o = -2*o + 48. Calculate the remainder when s is divided by o.
11
Let o = 10 + 44. Calculate the remainder when o is divided by 14.
12
Suppose -51 = -12*g + 141. Let b(m) = 16*m + 1. Let a be b(5). Suppose 0 = -4*c + 265 - a. What is the remainder when c is divided by g?
14
Calculate the remainder when 59 is divided by (9 + (5 - (-1 - -3)))*1.
11
Let i = 97 - 93. Calculate the remainder when 13 is divided by i.
1
Let h(p) = p**3 + 6*p**2 + 2*p + 8. Let m be h(-6). Let k(q) = 2*q**2 + 6*q + 4. Let d = -60 - -94. What is the remainder when d is divided by k(m)?
10
Suppose 31 = 4*k + 3*q, -k - 4*q + 0 - 2 = 0. Calculate the remainder when (-147)/(-5) - 20/50 is divided by k.
9
Suppose 4*g + 39 = 4*p + 123, -3*g - 2*p = -63. What is the remainder when 29 is divided by g?
8
Let p(g) = -4*g - 3. Calculate the remainder when 19 is divided by p(-2).
4
Suppose 0 = -2*p + 6 + 2. Let g(m) = 2*m - 1. Let q(f) = f. Let k(b) = p*q(b) - 5*g(b). What is the remainder when k(-8) is divided by 18?
17
Suppose -4*s = s - 15. Suppose z = s*z - 32. Calculate the remainder when -1 + (30 + 1)/1 is divided by z.
14
Suppose l - 37 = -32. What is the remainder when 11 is divided by l?
1
Let a be (-2 + -1)*12/9. Let x be (-7 + 7)/(a/(-2)). Suppose x*d = d - 17. Calculate the remainder when d is divided by 6.
5
Let c be (-26)/(-6) - 2/6. Calculate the remainder when 2/c*10*7 is divided by 12.
11
Suppose 40 = 4*f + 4*j, 4*f + 2*j - 61 = -15. Calculate the remainder when f is divided by -2 - 8/(-1) - 1.
3
Let v(o) = 3*o**2 + 5*o + 3. What is the remainder when 59 is divided by v(-3)?
14
Let r be 158/6 + (-6)/(-9). Suppose -r = -2*g - g. Calculate the remainder when 17 is divided by g.
8
Suppose 0 = -2*k + 74 + 8. Calculate the remainder when k is divided by 22.
19
Let k(o) = -o**2 + 7*o - 4. Let r be (-30)/(-4)*(-12)/(-15). What is the remainder when 8 is divided by k(r)?
0
Let c(k) = -6*k + 8. What is the remainder when c(-3) is divided by 7?
5
Let b be 110/(-6)*(-9 + 6). Suppose 6*w = w - 90. Let f = b + w. What is the remainder when f is divided by 13?
11
Let u(q) = q**3 + 2*q**2 - q. Let x be u(-2). Suppose 570 = x*g + 4*g. What is the remainder when g is divided by 24?
23
Let l = 46 + -69. Let f = -10 - l. Calculate the remainder when 37 is divided by f.
11
Let c = -25 - -64. Let o = 85 - c. What is the remainder when o is divided by 16?
14
Suppose -m + 27 + 14 = 0. Let s = 77 - m. Calculate the remainder when s is divided by 13.
10
What is the remainder when 153 is divided by 53/5 + (-46)/(-115)?
10
Suppose 0 = 3*d - 20 + 5. Let j(g) be the second derivative of g**5/20 - g**4/3 + g**3/2 + 2*g**2 + 4*g. What is the remainder when j(d) is divided by 23?
21
Suppose 9*s = 14*s - 965. Calculate the remainder when s is divided by 14.
11
What is the remainder when 14 is divided by (-3)/1*(-24)/9?
6
Suppose 0 = -3*u - 30 + 168. Suppose n - 5*t = 64, 2*t - u = -n + t. Suppose -13 + n = w. Calculate the remainder when w is divided by 19.
17
Let z(a) = -a**2 + 11*a - 17. Calculate the remainder when 47 is divided by z(6).
8
Let n(y) = y**3 - y**2 - 7*y + 2. Let u be n(6). Suppose 0*k - u = -4*k. What is the remainder when k is divided by 12?
11
Let w(d) = -d**3 + 3*d**2 + 5*d - 1. Let n be w(4). What is the remainder when n + -1*(-62)/2 is divided by 18?
16
Let x(g) = 3*g**2 - 6*g - 6. Suppose b = -0*b + 10. What is the remainder when x(5) is divided by b?
9
Let z(j) = -j**3 + 8*j**2 + 10*j + 3. Calculate the remainder when 20 is divided by z(9).
8
Let j(q) = q**3 + 9*q**2 - 2*q - 6. Let x(k) = -8*k + 7. Let d be x(2). What is the remainder when 33 is divided by j(d)?
9
Suppose 2*g - q - 76 = -5*q, 3*q + 97 = 2*g. Let w = g - 29. What is the remainder when w/(-3 - 15/(-4)) is divided by 7?
6
Suppose m + 279 = -185. Suppose 0*k + 23 = -2*k + 3*p, 3*k + 2*p = -28. What is the remainder when 4/k - m/10 is divided by 16?
14
Let o(a) = -a**3 + a**2 + 2*a - 3. Calculate the remainder when o(-4) is divided by 8.
5
Suppose 32 = 2*p + 4*c, 49 = 3*p + 4*c - 7. What is the remainder when 95 is divided by p?
23
Let l(r) = 20*r**3 + 2*r**2 - 1. Suppose 0 = 2*f - 6*g + 2*g + 4, -5*g = -f - 5. Suppose 0 = -d + 1 - f. Calculate the remainder when 41 is divided by l(d).
20
Let i = 104 - 93. Calculate the remainder when 31 is divided by i.
9
Suppose -3*i + 5*h - 8 = -2*i, -3*i - 2*h + 44 = 0. What is the remainder when 22 is divided by i?
10
What is the remainder when ((-57)/(-6))/((-2)/(-4)) is divided by -5 - -3 - (-7 + 0)?
4
Suppose -z + 34 = -0*o + 4*o, 0 = 4*z + 4*o - 100. Suppose 0 = 9*y - 4*y - 40. Calculate the remainder when z is divided by y.
6
Let x = 4 + -4. Calculate the remainder when x - 1 - (2 - 16) is divided by 7.
6
Let n be (1/3)/(4/156). Suppose 5*u + n = 2*r, 8*r - 5*u = 3*r + 25. What is the remainder when r is divided by 3?
1
Calculate the remainder when (-2)/4 + 65/10 is divided by 3.
0
Suppose -n + 25 = 5*c + 2*n, -3*c - 4*n + 15 = 0. Suppose -18 = c*i - 8*i. What is the remainder when i is divided by 4?
2
Let w = -8 + 25. Let g = -16 - -46. What is the remainder when g is divided by w?
13
Suppose 2*y = 3*y - 112. Suppose d - y = -3*d. Calculate the remainder when d is divided by (-150)/(-40)*(-16)/(-6).
8
Let v = -165 - -256. Suppose 25 = -3*i + v. Calculate the remainder when 63 is divided by i.
19
Let a = -40 - -59. What is the remainder when 36 is divided by a?
17
Suppose -4*c + 1 = -2*x - 17, -3*x = -3*c + 12. Suppose 0 = -2*f + f + x. Let i = 2 + -1. Calculate the remainder when f is divided by i.
0
Suppose 4*s = 5*g + 2 - 11, -5*g - 2*s = -33. Let k = 0 + g. What is the remainder when 12 is divided by k?
2
Suppose 33*c - 25 = 28*c. What is the remainder when c is divided by 5?
0
Suppose l + 4*l - 2*g - 38 = 0, 3*g + 6 = -l. What is the remainder when 16 is divided by l?
4
Let g be 20/8 - 1/2. Suppose g*y = 5*y, 52 = 4*k - 2*y. Calculate the remainder when 36 is divided by k.
10
Let w = 126 - 17. Calculate the remainder when w is divided by 16.
13
Suppose i = -y + 6*i + 25, 0 = -y - 3*i + 33. Suppose -17 = -f - 1. Calculate the remainder when y is divided by f.
14
Calculate the remainder when 24 is divided by 0 + -3 + 4 - -8.
6
Calculate the remainder when 90 - 0 - (4/(-2))/(-2) is divided by 15.
14
Suppose -3 = -a - 2. Calculate the remainder when ((-1)/2)/(4/(-8)) is divided by a.
0
Let j = -3 - -8. Let h = j - -4. What is the remainder when h is divided by 4?
1
Suppose 3*l = -4*x + 40, l + 4*l + 33 = x. Let c(g) = 38*g**3 - g**2 + g - 1. What is the remainder when c(1) is divided by x?
11
Let i(g) = 23*g + 1. Let n be (-9)/15 - (-36)/10. Suppose 0*z + n*z - 6 = 0. What is the remainder when i(z) is divided by 12?
11
Let f = 9 + 17. Let n = f - -60. Calculate the remainder when n is divided by 22.
20
Suppose 3*p - 1 = 11. Suppose -4 - 84 = -p*v. What is the remainder when 65 is divided by v?
21
Let x = 37 + -26. Let c = 11 + x. What is the remainder when 65 is divided by c?
21
Let u = -20 + 52. Suppose 3*j - 4*l = -0*j + u, 5*j - 63 = -3*l. What is the remainder when 23 is divided by j?
11
Suppose t - 4*h - 12 = 11, 5*t - h - 210 = 0. What is the remainder when t is divided by 0 + 17 + 6/(-3)?
13
Suppose 3*m = 2*m + 11. What is the remainder when 30 is divided by m?
8
Let j = 44 + -23. What is the remainder when j is divided by 11?
10
Let g = 6 - 6. Suppose g*h - 3*h = -5*d + 333, -3*d + 4*h = -191. What is the remainder when d is divided by 18?
15
What is the remainder when (1 - 65/4)/(41/